{"id":3084,"date":"2020-11-22T15:59:01","date_gmt":"2020-11-22T14:59:01","guid":{"rendered":"https:\/\/eurobrass-ad.de\/wp-content\/uploads\/2020\/11\/2019-official-eurobrass-ensemble.jpg"},"modified":"2021-01-11T16:18:32","modified_gmt":"2021-01-11T15:18:32","slug":"eurobrass-ensemble-2019-2","status":"inherit","type":"attachment","link":"https:\/\/eurobrass.de\/en\/home\/eurobrass-ensemble-2019-2\/","title":{"rendered":"eurobrass-Ensemble 2019"},"author":1,"comment_status":"open","ping_status":"closed","template":"","meta":[],"aioseo_notices":[],"description":{"rendered":"<p class=\"attachment\"><a data-rel=\"iLightbox[postimages]\" data-title=\"\" data-caption=\"\" href='https:\/\/eurobrass.de\/wp-content\/uploads\/2020\/11\/2019-official-eurobrass-ensemble.jpg'><img decoding=\"async\" width=\"300\" height=\"141\" src=\"https:\/\/eurobrass.de\/wp-content\/uploads\/2020\/11\/2019-official-eurobrass-ensemble-300x141.jpg\" class=\"attachment-medium size-medium\" alt=\"Gruppenfoto der zw\u00f6lf Mitglieder des eurobrass-Ensemble mit ihren Instrumenten.\" srcset=\"https:\/\/eurobrass.de\/wp-content\/uploads\/2020\/11\/2019-official-eurobrass-ensemble-200x94.jpg 200w, https:\/\/eurobrass.de\/wp-content\/uploads\/2020\/11\/2019-official-eurobrass-ensemble-300x141.jpg 300w, https:\/\/eurobrass.de\/wp-content\/uploads\/2020\/11\/2019-official-eurobrass-ensemble-400x188.jpg 400w, https:\/\/eurobrass.de\/wp-content\/uploads\/2020\/11\/2019-official-eurobrass-ensemble-600x281.jpg 600w, https:\/\/eurobrass.de\/wp-content\/uploads\/2020\/11\/2019-official-eurobrass-ensemble-768x360.jpg 768w, https:\/\/eurobrass.de\/wp-content\/uploads\/2020\/11\/2019-official-eurobrass-ensemble-800x375.jpg 800w, https:\/\/eurobrass.de\/wp-content\/uploads\/2020\/11\/2019-official-eurobrass-ensemble-1024x480.jpg 1024w, https:\/\/eurobrass.de\/wp-content\/uploads\/2020\/11\/2019-official-eurobrass-ensemble-1200x563.jpg 1200w, https:\/\/eurobrass.de\/wp-content\/uploads\/2020\/11\/2019-official-eurobrass-ensemble-1536x720.jpg 1536w, https:\/\/eurobrass.de\/wp-content\/uploads\/2020\/11\/2019-official-eurobrass-ensemble.jpg 1600w\" sizes=\"(max-width: 300px) 100vw, 300px\" \/><\/a><\/p>\n<p>Gruppenfoto der zw\u00f6lf Mitglieder des eurobrass-Ensemble mit ihren Instrumenten, Aussenaufnahme.<\/p>\n"},"caption":{"rendered":"<p>Gruppenfoto der zw\u00f6lf Mitglieder des eurobrass-Ensemble mit ihren Instrumenten, Aussenaufnahme.<\/p>\n"},"alt_text":"Gruppenfoto der zw\u00f6lf Mitglieder des eurobrass-Ensemble mit ihren Instrumenten.","media_type":"image","mime_type":"image\/jpeg","media_details":{"width":1600,"height":750,"file":"2020\/11\/2019-official-eurobrass-ensemble.jpg","sizes":{"medium":{"file":"2019-official-eurobrass-ensemble-300x141.jpg","width":300,"height":141,"mime_type":"image\/jpeg","source_url":"https:\/\/eurobrass.de\/wp-content\/uploads\/2020\/11\/2019-official-eurobrass-ensemble-300x141.jpg"},"large":{"file":"2019-official-eurobrass-ensemble-1024x480.jpg","width":1024,"height":480,"mime_type":"image\/jpeg","source_url":"https:\/\/eurobrass.de\/wp-content\/uploads\/2020\/11\/2019-official-eurobrass-ensemble-1024x480.jpg"},"thumbnail":{"file":"2019-official-eurobrass-ensemble-150x150.jpg","width":150,"height":150,"mime_type":"image\/jpeg","source_url":"https:\/\/eurobrass.de\/wp-content\/uploads\/2020\/11\/2019-official-eurobrass-ensemble-150x150.jpg"},"medium_large":{"file":"2019-official-eurobrass-ensemble-768x360.jpg","width":768,"height":360,"mime_type":"image\/jpeg","source_url":"https:\/\/eurobrass.de\/wp-content\/uploads\/2020\/11\/2019-official-eurobrass-ensemble-768x360.jpg"},"1536x1536":{"file":"2019-official-eurobrass-ensemble-1536x720.jpg","width":1536,"height":720,"mime_type":"image\/jpeg","source_url":"https:\/\/eurobrass.de\/wp-content\/uploads\/2020\/11\/2019-official-eurobrass-ensemble-1536x720.jpg"},"portfolio-full":{"file":"2019-official-eurobrass-ensemble-940x400.jpg","width":940,"height":400,"mime_type":"image\/jpeg","source_url":"https:\/\/eurobrass.de\/wp-content\/uploads\/2020\/11\/2019-official-eurobrass-ensemble-940x400.jpg"},"portfolio-one":{"file":"2019-official-eurobrass-ensemble-540x272.jpg","width":540,"height":272,"mime_type":"image\/jpeg","source_url":"https:\/\/eurobrass.de\/wp-content\/uploads\/2020\/11\/2019-official-eurobrass-ensemble-540x272.jpg"},"portfolio-two":{"file":"2019-official-eurobrass-ensemble-460x295.jpg","width":460,"height":295,"mime_type":"image\/jpeg","source_url":"https:\/\/eurobrass.de\/wp-content\/uploads\/2020\/11\/2019-official-eurobrass-ensemble-460x295.jpg"},"portfolio-three":{"file":"2019-official-eurobrass-ensemble-300x214.jpg","width":300,"height":214,"mime_type":"image\/jpeg","source_url":"https:\/\/eurobrass.de\/wp-content\/uploads\/2020\/11\/2019-official-eurobrass-ensemble-300x214.jpg"},"portfolio-five":{"file":"2019-official-eurobrass-ensemble-177x142.jpg","width":177,"height":142,"mime_type":"image\/jpeg","source_url":"https:\/\/eurobrass.de\/wp-content\/uploads\/2020\/11\/2019-official-eurobrass-ensemble-177x142.jpg"},"blog-large":{"file":"2019-official-eurobrass-ensemble-669x272.jpg","width":669,"height":272,"mime_type":"image\/jpeg","source_url":"https:\/\/eurobrass.de\/wp-content\/uploads\/2020\/11\/2019-official-eurobrass-ensemble-669x272.jpg"},"blog-medium":{"file":"2019-official-eurobrass-ensemble-320x202.jpg","width":320,"height":202,"mime_type":"image\/jpeg","source_url":"https:\/\/eurobrass.de\/wp-content\/uploads\/2020\/11\/2019-official-eurobrass-ensemble-320x202.jpg"},"recent-posts":{"file":"2019-official-eurobrass-ensemble-700x441.jpg","width":700,"height":441,"mime_type":"image\/jpeg","source_url":"https:\/\/eurobrass.de\/wp-content\/uploads\/2020\/11\/2019-official-eurobrass-ensemble-700x441.jpg"},"recent-works-thumbnail":{"file":"2019-official-eurobrass-ensemble-66x66.jpg","width":66,"height":66,"mime_type":"image\/jpeg","source_url":"https:\/\/eurobrass.de\/wp-content\/uploads\/2020\/11\/2019-official-eurobrass-ensemble-66x66.jpg"},"fusion-200":{"file":"2019-official-eurobrass-ensemble-200x94.jpg","width":200,"height":94,"mime_type":"image\/jpeg","source_url":"https:\/\/eurobrass.de\/wp-content\/uploads\/2020\/11\/2019-official-eurobrass-ensemble-200x94.jpg"},"fusion-400":{"file":"2019-official-eurobrass-ensemble-400x188.jpg","width":400,"height":188,"mime_type":"image\/jpeg","source_url":"https:\/\/eurobrass.de\/wp-content\/uploads\/2020\/11\/2019-official-eurobrass-ensemble-400x188.jpg"},"fusion-600":{"file":"2019-official-eurobrass-ensemble-600x281.jpg","width":600,"height":281,"mime_type":"image\/jpeg","source_url":"https:\/\/eurobrass.de\/wp-content\/uploads\/2020\/11\/2019-official-eurobrass-ensemble-600x281.jpg"},"fusion-800":{"file":"2019-official-eurobrass-ensemble-800x375.jpg","width":800,"height":375,"mime_type":"image\/jpeg","source_url":"https:\/\/eurobrass.de\/wp-content\/uploads\/2020\/11\/2019-official-eurobrass-ensemble-800x375.jpg"},"fusion-1200":{"file":"2019-official-eurobrass-ensemble-1200x563.jpg","width":1200,"height":563,"mime_type":"image\/jpeg","source_url":"https:\/\/eurobrass.de\/wp-content\/uploads\/2020\/11\/2019-official-eurobrass-ensemble-1200x563.jpg"},"full":{"file":"2019-official-eurobrass-ensemble.jpg","width":1600,"height":750,"mime_type":"image\/jpeg","source_url":"https:\/\/eurobrass.de\/wp-content\/uploads\/2020\/11\/2019-official-eurobrass-ensemble.jpg"}},"image_meta":{"aperture":"7.1","credit":"","camera":"NIKON D300S","caption":"Gruppenfoto der zw\u00f6lf Mitglieder des eurobrass-Ensemble mit ihren Instrumenten, Aussenaufnahme.","created_timestamp":"1563728954","copyright":"(c) eurobrass e.V.","focal_length":"31","iso":"400","shutter_speed":"0.016666666666667","title":"eurobrass-Ensemble 2019","orientation":"1","keywords":["eurobrass","Ensemble","Gruppenfoto","Bl\u00e4ser","Bl\u00e4sermusik","Blechbl\u00e4ser","Blechbl\u00e4sermusik","Profimusiker","Blechbl\u00e4serensemble","christliche Musik","Waldhorn","Trompete","Posaune","Euphonium","Tuba"]}},"post":3716,"source_url":"https:\/\/eurobrass.de\/wp-content\/uploads\/2020\/11\/2019-official-eurobrass-ensemble.jpg","_links":{"self":[{"href":"https:\/\/eurobrass.de\/en\/wp-json\/wp\/v2\/media\/3084"}],"collection":[{"href":"https:\/\/eurobrass.de\/en\/wp-json\/wp\/v2\/media"}],"about":[{"href":"https:\/\/eurobrass.de\/en\/wp-json\/wp\/v2\/types\/attachment"}],"author":[{"embeddable":true,"href":"https:\/\/eurobrass.de\/en\/wp-json\/wp\/v2\/users\/1"}],"replies":[{"embeddable":true,"href":"https:\/\/eurobrass.de\/en\/wp-json\/wp\/v2\/comments?post=3084"}]}}

<p class="attachment"><a data-rel="iLightbox[postimages]" data-title="" data-caption="" href='https://eurobrass.de/wp-content/uploads/2020/11/2019-official-eurobrass-ensemble.jpg'><img decoding="async" width="300" height="141" src="https://eurobrass.de/wp-content/uploads/2020/11/2019-official-eurobrass-ensemble-300x141.jpg" class="attachment-medium size-medium" alt="Gruppenfoto der zwölf Mitglieder des eurobrass-Ensemble mit ihren Instrumenten." srcset="https://eurobrass.de/wp-content/uploads/2020/11/2019-official-eurobrass-ensemble-200x94.jpg 200w, https://eurobrass.de/wp-content/uploads/2020/11/2019-official-eurobrass-ensemble-300x141.jpg 300w, https://eurobrass.de/wp-content/uploads/2020/11/2019-official-eurobrass-ensemble-400x188.jpg 400w, https://eurobrass.de/wp-content/uploads/2020/11/2019-official-eurobrass-ensemble-600x281.jpg 600w, https://eurobrass.de/wp-content/uploads/2020/11/2019-official-eurobrass-ensemble-768x360.jpg 768w, https://eurobrass.de/wp-content/uploads/2020/11/2019-official-eurobrass-ensemble-800x375.jpg 800w, https://eurobrass.de/wp-content/uploads/2020/11/2019-official-eurobrass-ensemble-1024x480.jpg 1024w, https://eurobrass.de/wp-content/uploads/2020/11/2019-official-eurobrass-ensemble-1200x563.jpg 1200w, https://eurobrass.de/wp-content/uploads/2020/11/2019-official-eurobrass-ensemble-1536x720.jpg 1536w, https://eurobrass.de/wp-content/uploads/2020/11/2019-official-eurobrass-ensemble.jpg 1600w" sizes="(max-width: 300px) 100vw, 300px" /></a></p>
<p>Gruppenfoto der zwölf Mitglieder des eurobrass-Ensemble mit ihren Instrumenten, Aussenaufnahme.</p>

<p>Gruppenfoto der zwölf Mitglieder des eurobrass-Ensemble mit ihren Instrumenten, Aussenaufnahme.</p>

Gruppenfoto der zwölf Mitglieder des eurobrass-Ensemble mit ihren Instrumenten.

Gruppenfoto der zwölf Mitglieder des eurobrass-Ensemble mit ihren Instrumenten, Aussenaufnahme.

Bläser

Bläsermusik

Blechbläser

Blechbläsermusik

Blechbläserensemble
